1.
1
What is the highest common divisor of 1288 and 1127?
161
Calculate the highest common factor of 3286 and 106.
106
Calculate the greatest common divisor of 14 and 4739.
7
Calculate the highest common factor of 2752 and 2.
2
What is the highest common factor of 319 and 88?
11
Calculate the greatest common divisor of 2368 and 333.
37
Calculate the greatest common divisor of 20496 and 549.
183
Calculate the greatest common divisor of 8 and 554.
2
What is the greatest common factor of 24036 and 4?
4
What is the highest common factor of 87 and 116?
29
What is the highest common divisor of 28 and 686?
14
What is the highest common factor of 187 and 918?
17
Calculate the highest common factor of 4724 and 8.
4
What is the greatest common divisor of 140 and 224?
28
What is the highest common factor of 1605 and 15?
15
What is the highest common factor of 804 and 36716?
268
What is the greatest common factor of 7 and 56?
7
Calculate the greatest common factor of 9339 and 55.
11
What is the greatest common divisor of 48 and 624?
48
Calculate the highest common factor of 4085 and 19.
19
What is the highest common divisor of 5810 and 280?
70
What is the greatest common divisor of 165 and 3740?
55
What is the highest common divisor of 14 and 62?
2
Calculate the greatest common divisor of 19 and 15675.
19
Calculate the highest common divisor of 111 and 1073.
37
What is the greatest common factor of 133 and 14?
7
Calculate the greatest common divisor of 52 and 286.
26
What is the greatest common factor of 36 and 7404?
12
What is the greatest common divisor of 4608 and 18?
18
Calculate the greatest common factor of 17 and 527.
17
What is the greatest common factor of 704 and 1012?
44
Calculate the highest common factor of 80 and 2784.
16
What is the highest common factor of 385 and 28?
7
Calculate the greatest common factor of 9 and 3249.
9
Calculate the highest common factor of 2465 and 1015.
145
Calculate the greatest common factor of 2023 and 7.
7
What is the highest common factor of 570 and 390?
30
Calculate the greatest common factor of 63 and 3948.
21
Calculate the highest common factor of 100 and 4.
4
What is the greatest common divisor of 152 and 2204?
76
Calculate the highest common factor of 2037 and 582.
291
What is the highest common divisor of 539 and 882?
49
Calculate the greatest common divisor of 204 and 1071.
51
What is the greatest common divisor of 378 and 112?
14
What is the greatest common divisor of 90 and 3210?
30
Calculate the highest common divisor of 25500 and 240.
60
What is the greatest common divisor of 50 and 175?
25
What is the highest common factor of 54 and 10071?
27
Calculate the highest common factor of 80 and 176.
16
What is the highest common divisor of 286 and 385?
11
Calculate the greatest common factor of 814 and 154.
22
What is the highest common factor of 1089 and 121?
121
Calculate the greatest common divisor of 6 and 6.
6
Calculate the greatest common divisor of 38 and 14.
2
Calculate the greatest common divisor of 3 and 96.
3
Calculate the highest common divisor of 32 and 1424.
16
What is the greatest common factor of 198 and 4620?
66
What is the highest common factor of 238 and 1598?
34
Calculate the highest common divisor of 515 and 5.
5
What is the greatest common divisor of 14 and 238?
14
What is the greatest common divisor of 7675 and 50?
25
Calculate the greatest common divisor of 22 and 16049.
11
What is the greatest common factor of 18 and 52?
2
Calculate the greatest common factor of 861 and 21.
21
What is the greatest common factor of 260 and 2548?
52
What is the highest common divisor of 646 and 13889?
323
What is the greatest common factor of 28 and 24?
4
What is the greatest common factor of 4 and 202?
2
What is the highest common divisor of 291 and 388?
97
Calculate the greatest common divisor of 793 and 61.
61
Calculate the highest common factor of 1358 and 194.
194
What is the greatest common divisor of 12 and 1356?
12
What is the highest common divisor of 666 and 6364?
74
What is the greatest common divisor of 11174 and 296?
74
What is the highest common divisor of 4806 and 216?
54
What is the greatest common factor of 41 and 41?
41
What is the greatest common factor of 527 and 153?
17
Calculate the highest common divisor of 18 and 747.
9
What is the greatest common divisor of 15 and 282?
3
What is the greatest common factor of 11 and 737?
11
Calculate the greatest common divisor of 128 and 112.
16
What is the greatest common factor of 310 and 10?
10
Calculate the greatest common factor of 464 and 13688.
232
Calculate the highest common factor of 938 and 77.
7
What is the greatest common factor of 1156 and 4?
4
Calculate the greatest common divisor of 99 and 11.
11
What is the highest common divisor of 12 and 29?
1
What is the highest common divisor of 10 and 135?
5
Calculate the greatest common divisor of 35 and 119.
7
Calculate the greatest common factor of 981 and 18.
9
Calculate the highest common divisor of 989 and 86.
43
Calculate the highest common divisor of 3384 and 48.
24
What is the greatest common factor of 15 and 5385?
15
What is the greatest common divisor of 2193 and 102?
51
Calculate the greatest common divisor of 40946 and 59.
59
What is the highest common factor of 759 and 528?
33
What is the greatest common divisor of 62 and 21886?
62
Calculate the highest common factor of 63 and 168.
21
Calculate the highest common factor of 449 and 2.
1
Calculate the highest common divisor of 99 and 44.
11
What is the highest common factor of 26 and 962?
26
What is the highest common divisor of 6855 and 15?
15
Calculate the highest common factor of 12468 and 12.
12
What is the highest common divisor of 2074 and 170?
34
Calculate the greatest common divisor of 292 and 108.
4
What is the greatest common divisor of 836 and 44?
44
Calculate the highest common factor of 9 and 369.
9
What is the highest common divisor of 58 and 58?
58
What is the highest common divisor of 32 and 33568?
32
Calculate the greatest common divisor of 113 and 3051.
113
What is the highest common factor of 4698 and 378?
54
What is the highest common factor of 1058 and 46?
46
What is the highest common factor of 435 and 174?
87
Calculate the greatest common divisor of 27 and 2187.
27
Calculate the highest common divisor of 438 and 12.
6
What is the highest common divisor of 8770 and 10?
10
Calculate the greatest common factor of 40 and 440.
40
Calculate the highest common divisor of 312 and 216.
24
What is the greatest common divisor of 34 and 64?
2
Calculate the highest common divisor of 3384 and 90.
18
What is the highest common factor of 40 and 56?
8
What is the highest common factor of 3332 and 1764?
196
What is the highest common factor of 2425 and 291?
97
What is the greatest common factor of 1369 and 259?
37
What is the highest common divisor of 1786 and 152?
38
What is the greatest common factor of 840 and 40?
40
What is the highest common factor of 960 and 30?
30
What is the greatest common divisor of 3913 and 273?
91
What is the greatest common factor of 151 and 37?
1
Calculate the greatest common factor of 10 and 44470.
10
Calculate the highest common factor of 6 and 42.
6
What is the greatest common divisor of 1457 and 3131?
31
Calculate the greatest common divisor of 16742 and 22.
22
What is the greatest common factor of 24 and 1356?
12
What is the greatest common divisor of 17 and 7?
1
What is the greatest common divisor of 2548 and 392?
196
Calculate the greatest common divisor of 480 and 52.
4
Calculate the highest common divisor of 1107 and 27.
27
Calculate the greatest common factor of 665 and 175.
35
Calculate the highest common divisor of 646 and 68.
34
Calculate the greatest common factor of 11272 and 40.
8
Calculate the greatest common factor of 152 and 1482.
38
Calculate the greatest common divisor of 8906 and 976.
122
What is the greatest common divisor of 280 and 70?
70
What is the highest common factor of 720 and 130?
10
Calculate the greatest common divisor of 119 and 1751.
17
What is the greatest common factor of 219 and 73?
73
Calculate the greatest common divisor of 124 and 1612.
124
What is the greatest common factor of 8736 and 36?
12
What is the highest common factor of 42 and 714?
42
